- v**5/60 + v**4/24 + v**3/6 - v**2. Give y(a).
-6
Let z(d) = -13*d**2 + 5*d + 19. Let g(v) = 3*v**2 - v - 5. Let n(u) = 9*g(u) + 2*z(u). Let o(x) = -x**3 + 8*x**2 + 8*x + 9. Let l be o(9). What is n(l)?
-7
Let c(a) = a. Suppose -5*m = 2*f - 4*f - 15, 4*m + 4 = 0. Let r(z) = z**2 + 11*z + 9. Let u be r(f). Let w(d) = 3*d**3 - d**2. Let l be w(u). Give c(l).
-4
Let x(n) be the first derivative of -n**2 + 5*n - 17. Determine x(5).
-5
Let t(b) be the third derivative of b**5/30 - b**4/12 + b**3/2 - 5*b**2. Calculate t(2).
7
Let d(q) = -q**3 + 3*q - 3. Let r = -9 + 6. Let w = r - -5. Calculate d(w).
-5
Let h = -16 - -20. Let j(t) = -t**2 + 7*t + 2. Determine j(h).
14
Suppose -4*n + 2 = -14. Suppose -5*p = 2*a - 6, 0 = -n*p + a - 0*a + 10. Suppose -3*d = 2*m - p, 3*m + 0*d + 19 = d. Let l(z) = -z - 4. What is l(m)?
1
Let c = -4 - -11. Let q(i) = i**2 - 6*i - 8. What is q(c)?
-1
Let x(n) = n**2 - 4. Let j(m) = 2*m**2 - 7. Let s(d) = 3*j(d) - 5*x(d). What is s(-2)?
3
Suppose -o - 3*l - 9 = 0, -19 = -4*o + l - 2*l. Suppose -o*r = -2*r. Let n(j) = -3 - j**2 + 4 + 0*j**2. Give n(r).
1
Suppose 4 = -b - 0. Let j be 0 + 0 - (-8 - b). Let t(k) = k**3 - 4*k**2 + k - 2. Determine t(j).
2
Suppose 0 = -2*y + 6 - 0. Let n(p) = -p**2 + p + 3. Let a be n(y). Let j(c) = -2*c**2 - 3*c. What is j(a)?
-9
Suppose 0*z + 2*z = 0. Suppose -o = 1 - z. Let c(u) = 2*u**2 + u + 1. What is c(o)?
2
Let v(y) = y. Suppose 4 - 16 = 4*g. Let u be 4 + (-4)/(-12)*g. What is v(u)?
3
Let b = -7 + 7. Let i(d) = -d**3 - 9. Give i(b).
-9
Let r(m) be the first derivative of -1/2*m**2 - m - 2. What is r(5)?
-6
Let x(k) be the first derivative of k**2/2 + 5. What is x(5)?
5
Suppose -2*b = -0*b + 4. Let k(m) = -16*m**2 + 6. Let u(w) = -3*w**2 + 1. Let h(z) = b*k(z) + 11*u(z). Let a be (-2)/3*(-15)/(-10). Give h(a).
-2
Let k(p) be the first derivative of -7*p**4/24 + p**2/2 + 2. Let r(c) be the second derivative of k(c). What is r(1)?
-7
Let q = -27 + 46. Suppose 3 - q = -4*s. Let g(t) be the first derivative of -t**3/3 + 5*t**2/2 + 5*t + 1. Give g(s).
9
Let y(c) = -2*c**2 + 6*c**3 + 1 - 7*c**3 + c + 3*c**2. Suppose -1 = -u - 3. Calculate y(u).
11
Let i(d) = 0*d**3 + 4 - 2 + d**3 - 1 - d**2 - 3*d. Calculate i(2).
-1
Let m = 6 - 4. Let h(y) = -4 + 3*y - m*y**2 + 3 + 0*y. Let a be 6/(-5)*5/(-3). Give h(a).
-3
Suppose 6 = -4*k + 2*v, -5*k - 2*v + 7 = 28. Let j(l) = -3 + 10*l**2 + l + 7 - 9*l**2. What is j(k)?
10
Let u(d) = -d**3 + d**2 - 3. Let i be u(0). Let l(h) be the third derivative of h**5/60 + h**4/8 - 41*h**2 - 2. What is l(i)?
0
Let u(d) = 3*d + d**2 + 2*d - 4*d - 8. Suppose 3*q + 5*z = 25, -2*z = -3*z + 5. Determine u(q).
-8
Suppose -5*l - 18 = -4*k + 6, 0 = 2*k + 5*l - 12. Let w(y) = 2*y. Calculate w(k).
12
Suppose -q - 3*q = 0. Let p be 3/(-2 - -5) + 2. Let s(z) = 3*z**3 + 0*z - 8 - z**3 - z**p - z. Give s(q).
-8
Let p(j) be the third derivative of 2*j**2 + 0 + 1/24*j**4 + 0*j - 1/6*j**3. Suppose 20 = 3*l - 5*q, -4*l = q - 0 + 4. Give p(l).
-1
Let f = 12 - 14. Let r(g) = -g**2 - 2*g - 2. Calculate r(f).
-2
Let f = -8 + 12. Suppose f*w - a + 17 = 0, -4*w + 5*w + 4*a - 17 = 0. Let h(q) = -q**2 - 2*q + 3. What is h(w)?
0
Let v(n) = n**2 - n - 3. Let d be v(-3). Let f = 13 - d. Let m(c) = -4*c - 2. Let r(s) = s + 1. Let k(q) = -m(q) - 5*r(q). What is k(f)?
-7
Let u(p) = p - 7. Suppose 0*j = -3*j. Give u(j).
-7
Let j(m) be the second derivative of m**3/6 + m**2/2 - 16*m. What is j(0)?
1
Let j(t) = -2*t**2 - 3*t - 2. Let c be j(-2). Let b = -1 - c. Let q(r) = -r**3 + 2*r**2 + r + 2. What is q(b)?
-4
Let y be ((-1)/(-2))/((-3)/6). Let x(d) = 41*d - 15*d - 17*d. What is x(y)?
-9
Suppose 0*k + 3*k = -j + 55, 5*k - 2*j = 77. Let u = k + -13. Let o(d) = d - 4. What is o(u)?
0
Let c(w) = -w**2 - 3*w + 7. Suppose 3*r + 2*j - 28 = 8*r, -5*j - 5 = 0. Determine c(r).
-11
Let y(t) = -t + 1. Let d be y(-2). Let s(q) = 3*q - 3. What is s(d)?
6
Let n = -16 - -25. Let v be 1 + 3*(-12)/n. Let s(z) = -z**2 - 4*z + 1. Give s(v).
4
Let s(t) = t - 5. Let y be ((-1 - 1) + -4)*(-10)/(-15). Give s(y).
-9
Let x(s) = -s + 7. Let h be -3 + 6/((-24)/(-20)). Let y(q) = 2*q - 5. Let m be y(5). Suppose -4*a + n = -3*a - m, -n = h. Calculate x(a).
4
Let s(b) = -b**3 - 4*b**2 + 7*b + 5. Let f = 18 + -15. Suppose 0*d = -2*m + 3*d + 5, -f*m - 5*d - 40 = 0. Determine s(m).
-5
Let w(r) = -r**3 - 9*r**2 - r - 10. Let z be w(-9). Let i(c) = -3*c**3 - c**2. Give i(z).
2
Let b be (1 + -2)/((-1)/3). Let x(o) = 1 - 1 - 2 - 1 - o. Determine x(b).
-6
Let m(b) = b**3 - 3*b**2 - 4*b + 2. Let u(d) = d - 2. Let i be u(8). Let z be 1 + (-5)/((-10)/i). Give m(z).
2
Let v(q) = -1 + 0*q**2 - q**3 - 4*q**2 - 3 - 3*q. Determine v(-4).
8
Let u(r) be the first derivative of -r**2/2 - 3*r - 1. Suppose 0 = -o + 5, -c + 3*o - 5 - 13 = 0. Give u(c).
0
Suppose w - 5 = 10. Suppose -5*g + 5*s = 10 + w, -5*s - 11 = 4*g. Let y(j) = -2*j. Give y(g).
8
Let k(t) = -t**3 - 6*t**2 - 5*t - 6. Let s(n) = n**2 - 16*n + 55. Let q be s(6). Calculate k(q).
-6
Let q(j) = -5*j**3 - 17*j**2 - 3*j + 4. Let s(l) = 3*l**3 + 9*l**2 + 2*l - 2. Let f(x) = 4*q(x) + 7*s(x). Suppose -5*k + 7*k = 4. What is f(k)?
-6
Let t(g) = -2*g**2 - 17 - g**3 - 5 + 5*g + 26. Calculate t(-3).
-2
Suppose 8 = 5*g + 3*a, -g - 12 = 11*a - 7*a. Let d(k) = 2*k + 1. Let y(i) = -3*i - 1. Let r(u) = 5*d(u) + 4*y(u). Give r(g).
-7
Suppose 0 = 5*j - l + 19, 4*j - 2*l + 8 = -12. Let u(h) be the second derivative of h**3/6 + 6*h. What is u(j)?
-3
Let w(c) = c**2 + 2. Let f(d) = 3*d**2 - d + 5. Let g(a) = 3*f(a) - 7*w(a). What is g(2)?
3
Let p = -185 - -188. Let a(o) = -3 + 7 - 3*o + 2*o. What is a(p)?
1
Let b be 12/(-8)*(-4)/2. Let m(s) = 3*s**2 + 3*s - 4*s**2 - s**3 - s + 2 - b. Calculate m(-3).
11
Let m be (((-60)/(-5))/2)/(-1). Let z(l) = l**3 + 7*l**2 + 9*l + 8. Calculate z(m).
-10
Suppose -5*z - 52 = -17. Let t(y) = y**2 + 9*y + 4. Give t(z).
-10
Let q(i) = -3*i**3 + 5*i**2 + 4*i + 3. Let b(x) be the second derivative of x**5/10 - x**4/3 - x**3/2 - x**2 - 4*x. Let c(r) = -4*b(r) - 3*q(r). What is c(2)?
11
Suppose -3*j = -6*j + 5*j. Let c(w) = w + 3. Calculate c(j).
3
Let d(w) = 5*w**2 - 2*w**2 - 2 - w**3 + 4 + w - 3. Give d(4).
-13
Suppose 4*h + 12 = 0, -4*z - 3*h + h = -6. Let i(q) be the first derivative of -2 + 2 - 1 + q**2 + z*q - 1. Give i(-4).
-5
Let m(f) = -9*f + 1. Let n(s) = 26*s - 3. Let u(l) = -11*m(l) - 4*n(l). Suppose -17 = 5*a + 3*r, 8 = -5*a - 2*r - 5. Determine u(a).
6
Let s(i) = i**2 + 7*i - 8*i - i**3 - 73 + 76. Suppose 2*t = 4*t. Determine s(t).
3
Suppose 3*d - 33 - 9 = 0. Let s = d - 12. Let t(i) = 2 + i**2 - 2*i**3 - 3 + 3. Give t(s).
-10
Let w(i) = -7*i**2 + 10*i + 15. Let d(z) = -10*z**2 + 15*z + 22. Let m(f) = -5*d(f) + 7*w(f). Determine m(6).
1
Let i(h) = -h**2 - 10*h - 14. Let u be i(-8). Let r(n) = -2 - n**2 - 2*n + 0 + 4*n. Calculate r(u).
-2
Let j(u) = -u**3 - 6*u**2 - 4*u - 2. Suppose -3*f + 2 = 17. What is j(f)?
-7
Let l(k) = -k**2 + 5*k - 2. Let j be (-1 + -5)/(3 + -5). Let d be l(j). Let z(q) = -3*q**2 + d*q - q - 6*q. Give z(-2).
-6
Suppose -5*m = 4*g + 8, 4*g + 10 = -g - m. Let c be 1 + (g - (-3)/3). Let o(b) = b**2 + b + 3. Determine o(c).
3
Let k(r) = -r**2 - 4*r - 3. Let y(x) = -2*x. Let v be y(2). What is k(v)?
-3
Let h = 119 - 125. Let w(d) = d**2 + 4*d - 5. Give w(h).
7
Let b be (3 - 9)*6/(-9). Let h(m) = -2*m - m - 5*m - b + 3. Give h(-1).
7
Let h(v) = 2 - 3*v - 5*v**2 + 16*v**2 - 8*v**2. What is h(2)?
8
Let j(y) = -y**2 - 2*y + 1. Let m(r) be the third derivative of r**4/24 - r**3/6 - 6*r**2. Let d(k) = j(k) - 2*m(k). Determine d(-5).
-2
Let j(a) be the third derivative of 0*a + 0 + 2*a**2 + 1/3*a**3 + 1/24*a**4 + 1/360*a**6 + 1/120*a**5. Let m(v) be the first derivative of j(v). Give m(-1).
1
Let u(y) = -2*y + 4. Let o(a) = -a + 3. Let s(l) = -7*o(l) + 5*u(l). Calculate s(2).
-7
Let r(y) be the second derivative of y**5/20 - y**4/4 - 2*y**3/3 + 5*y**2/2 + 50*y. What is r(4)?
5
Let k(g) = -g**3 - 8*g**2 + 9*g + 4. Let x be k(-9). Let w(s) = s - 1. What is w(x)?
3
Suppose -2*t = -8, -t = q - 3*t + 14. Let k(b) = b + b**3 + 295 - b + 6*b**2 - 290. Determine k(q).
5
Let r(b) = -b - 1. Let o = -3 - -8. Calculate r(o).
-6
Suppose 4*q - 14 = 6*q. Let s(z) = -z + 3. Give s(q).
10
Suppose -4*p + 3*g + 4 = 6*g, 3*p - g - 3 = 0. Let v(q) = -17*q**2 - 5*q + 1. Le